{"id":159,"date":"2026-04-02T10:28:54","date_gmt":"2026-04-02T10:28:54","guid":{"rendered":"http:\/\/www.tp-iepe.com\/?page_id=159"},"modified":"2026-04-12T11:48:39","modified_gmt":"2026-04-12T11:48:39","slug":"mentions-legales","status":"publish","type":"page","link":"https:\/\/www.tp-iepe.com\/index.php\/mentions-legales\/","title":{"rendered":"Mentions l\u00e9gales"},"content":{"rendered":"\t\t<div data-elementor-type=\"wp-page\" data-elementor-id=\"159\" class=\"elementor elementor-159\">\n\t\t\t\t<div class=\"elementor-element elementor-element-a6e5225 e-flex e-con-boxed e-con e-parent\" data-id=\"a6e5225\" data-element_type=\"container\" data-e-type=\"container\">\n\t\t\t\t\t<div class=\"e-con-inner\">\n\t\t\t\t<div class=\"elementor-element elementor-element-ae9ec8e elementor-widget elementor-widget-heading\" data-id=\"ae9ec8e\" data-element_type=\"widget\" data-e-type=\"widget\" data-widget_type=\"heading.default\">\n\t\t\t\t\t<h1 class=\"elementor-heading-title elementor-size-default\">Mentions l\u00e9gales<\/h1>\t\t\t\t<\/div>\n\t\t\t\t<div class=\"elementor-element elementor-element-d0e4d0c elementor-widget elementor-widget-text-editor\" data-id=\"d0e4d0c\" data-element_type=\"widget\" data-e-type=\"widget\" data-widget_type=\"text-editor.default\">\n\t\t\t\t\t\t\t\t\t<h2>1.\u00c9DITEUR DU SITE<\/h2><p><b><span data-contrast=\"auto\">Raison sociale :<\/span><\/b><span data-contrast=\"auto\">\u202f<\/span><a href=\"https:\/\/www.irss.fr\/\"><span data-contrast=\"none\">IRSS\u202f<\/span><\/a>\u00a0<br \/><b><span data-contrast=\"auto\">Forme juridique :\u202f<\/span><\/b><span data-contrast=\"auto\">SARL (soci\u00e9t\u00e9 \u00e0 responsabilit\u00e9 limit\u00e9e)<\/span>\u00a0<br \/><b><span data-contrast=\"auto\">Adresse du si\u00e8ge social :<\/span><\/b><span data-contrast=\"auto\">\u202f1 rue C\u00e9lestin Freinet B\u00e2timent A le Nantil, 44200 Nantes<\/span>\u00a0<br \/><b><span data-contrast=\"auto\">Capital social :<\/span><\/b><span data-contrast=\"auto\">\u202f95.000 \u20ac<\/span>\u00a0<br \/><b><span data-contrast=\"auto\">SIRET :<\/span><\/b><span data-contrast=\"auto\">\u202f33441214500198<\/span>\u00a0<br \/><b><span data-contrast=\"auto\">Num\u00e9ro de d\u00e9claration d\u2019activit\u00e9 :<\/span><\/b><span data-contrast=\"auto\">\u202f334 412 145<\/span>\u00a0<br \/><b><span data-contrast=\"auto\">T\u00e9l\u00e9phone :<\/span><\/b><span data-contrast=\"auto\">\u202f02 41 62 19 97<\/span>\u00a0<br \/><b><span data-contrast=\"auto\">Email :<\/span><\/b><span data-contrast=\"auto\">\u202f<\/span><a href=\"mailto:contact@irss.fr\"><span data-contrast=\"none\">contact@irss.fr.<\/span><\/a><\/p><h2><strong>2.DIRECTEUR DE LA PUBLICATION<\/strong><\/h2><p><b><span data-contrast=\"auto\">Nom et pr\u00e9nom :<\/span><\/b><span data-contrast=\"auto\">\u202fMonsieur Philippe MONGODIN<\/span>\u00a0<br \/><b><span data-contrast=\"auto\">Fonction :<\/span><\/b><span data-contrast=\"auto\">\u202fPr\u00e9sident d\u2019IRSS<\/span>\u00a0<br \/><b><span data-contrast=\"auto\">Email de contact :<\/span><\/b><span data-contrast=\"auto\">\u202fcontact@irss.fr<\/span><\/p><h2>3.H\u00c9BERGEUR DU SITE<\/h2><p><b><span data-contrast=\"auto\">Raison sociale :<\/span><\/b><span data-contrast=\"auto\">\u202fOVH SAS<\/span>\u00a0<br \/><b><span data-contrast=\"auto\">Adresse :<\/span><\/b><span data-contrast=\"auto\">\u202f2 rue Kellermann \u2013 59100 Roubaix \u2013 France<\/span>\u00a0<br \/><b><span data-contrast=\"auto\">T\u00e9l\u00e9phone :<\/span><\/b><span data-contrast=\"auto\">\u202f09 72 10 10 07<\/span><\/p><h2>4.PROPRI\u00c9T\u00c9 INTELLECTUELLE<\/h2><p><span data-contrast=\"auto\">Le site\u202ftp-iepe.com et l\u2019ensemble de son contenu (textes, images, logos, vid\u00e9os, architecture, etc.) sont la propri\u00e9t\u00e9 exclusive d\u2019IRSS ou font l\u2019objet d\u2019une autorisation d\u2019utilisation. Toute reproduction, repr\u00e9sentation, modification, publication ou adaptation de tout ou partie des \u00e9l\u00e9ments du site, quel que soit le moyen ou le proc\u00e9d\u00e9 utilis\u00e9, est interdite, sauf autorisation \u00e9crite pr\u00e9alable d\u2019IRSS.<\/span><span data-ccp-props=\"{}\">\u00a0<\/span><\/p><p><span data-contrast=\"auto\">Toute exploitation non autoris\u00e9e du site ou de son contenu sera consid\u00e9r\u00e9e comme constitutive d\u2019une contrefa\u00e7on et poursuivie conform\u00e9ment aux dispositions des articles L.335-2 et suivants du Code de Propri\u00e9t\u00e9 Intellectuelle.<\/span><\/p><h2>5.PROTECTION DES DONN\u00c9ES PERSONNELLES<\/h2><p><span data-contrast=\"auto\">Conform\u00e9ment au R\u00e8glement G\u00e9n\u00e9ral sur la Protection des Donn\u00e9es (RGPD) et \u00e0 la Loi Informatique et Libert\u00e9s, vous disposez d\u2019un droit d\u2019acc\u00e8s, de rectification, d\u2019effacement, de limitation, de portabilit\u00e9 et d\u2019opposition aux donn\u00e9es vous concernant.<\/span><span data-ccp-props=\"{}\">\u00a0<\/span><\/p><p><span data-contrast=\"auto\">Pour exercer ces droits ou pour toute question sur le traitement de vos donn\u00e9es, vous pouvez contacter notre D\u00e9l\u00e9gu\u00e9 \u00e0 la Protection des Donn\u00e9es \u00e0 l\u2019adresse suivante : [\u00c0 compl\u00e9ter : email du DPO ou contact RGPD].<\/span><span data-ccp-props=\"{}\">\u00a0<\/span><\/p><p><span data-contrast=\"auto\">Le site tp-iepe.com peut utiliser des cookies pour am\u00e9liorer l\u2019exp\u00e9rience utilisateur. Pour plus d\u2019informations sur notre politique de cookies, veuillez consulter notre [Politique de confidentialit\u00e9].<\/span><\/p><h2>6.LIENS HYPERTEXTES<\/h2><p><span data-contrast=\"auto\">Le site mon-cap-aepe.fr peut contenir des liens hypertextes vers d\u2019autres sites internet. IRSS n\u2019exerce aucun contr\u00f4le sur ces sites et d\u00e9cline toute responsabilit\u00e9 quant \u00e0 leur contenu.<\/span><\/p><h2>7.LIMITATIONS DE RESPONSABILIT\u00c9<\/h2><p><span data-contrast=\"auto\">IRSS s\u2019efforce d\u2019assurer au mieux de ses possibilit\u00e9s l\u2019exactitude et la mise \u00e0 jour des informations diffus\u00e9es sur le site tp-iepe.com. Toutefois, IRSS ne peut garantir l\u2019exactitude, la pr\u00e9cision ou l\u2019exhaustivit\u00e9 des informations mises \u00e0 disposition sur ce site.<\/span><\/p><h2>8.DROIT APPLICABLE ET JURIDICTION COMP\u00c9TENTE<\/h2><p><span data-contrast=\"auto\">Les pr\u00e9sentes mentions l\u00e9gales sont soumises au droit fran\u00e7ais. En cas de litige, les tribunaux fran\u00e7ais seront seuls comp\u00e9tents.<\/span><\/p><h2>9.CONTACT<\/h2><p><span data-contrast=\"auto\">Pour toute question relative au site tp-iepe.com, vous pouvez nous contacter \u00e0 l\u2019adresse suivante : contact@irss.fr<\/span><span data-ccp-props=\"{}\">\u00a0<\/span><\/p>\t\t\t\t\t\t\t\t<\/div>\n\t\t\t\t\t<\/div>\n\t\t\t\t<\/div>\n\t\t\t\t<\/div>\n\t\t","protected":false},"excerpt":{"rendered":"<p>Mentions l\u00e9gales 1.\u00c9DITEUR DU SITE Raison sociale :\u202fIRSS\u202f\u00a0Forme juridique :\u202fSARL (soci\u00e9t\u00e9 \u00e0 responsabilit\u00e9 limit\u00e9e)\u00a0Adresse du si\u00e8ge social :\u202f1 rue C\u00e9lestin [&hellip;]<\/p>\n","protected":false},"author":3,"featured_media":0,"parent":0,"menu_order":0,"comment_status":"closed","ping_status":"closed","template":"","meta":{"site-sidebar-layout":"no-sidebar","site-content-layout":"","ast-site-content-layout":"full-width-container","site-content-style":"default","site-sidebar-style":"default","ast-global-header-display":"","ast-banner-title-visibility":"","ast-main-header-display":"","ast-hfb-above-header-display":"","ast-hfb-below-header-display":"","ast-hfb-mobile-header-display":"","site-post-title":"disabled","ast-breadcrumbs-content":"","ast-featured-img":"disabled","footer-sml-layout":"","ast-disable-related-posts":"","theme-transparent-header-meta":"","adv-header-id-meta":"","stick-header-meta":"","header-above-stick-meta":"","header-main-stick-meta":"","header-below-stick-meta":"","astra-migrate-meta-layouts":"default","ast-page-background-enabled":"default","ast-page-background-meta":{"desktop":{"background-color":"var(--ast-global-color-5)","background-image":"","background-repeat":"repeat","background-position":"center center","background-size":"auto","background-attachment":"scroll","background-type":"","background-media":"","overlay-type":"","overlay-color":"","overlay-opacity":"","overlay-gradient":""},"tablet":{"background-color":"","background-image":"","background-repeat":"repeat","background-position":"center center","background-size":"auto","background-attachment":"scroll","background-type":"","background-media":"","overlay-type":"","overlay-color":"","overlay-opacity":"","overlay-gradient":""},"mobile":{"background-color":"","background-image":"","background-repeat":"repeat","background-position":"center center","background-size":"auto","background-attachment":"scroll","background-type":"","background-media":"","overlay-type":"","overlay-color":"","overlay-opacity":"","overlay-gradient":""}},"ast-content-background-meta":{"desktop":{"background-color":"var(--ast-global-color-4)","background-image":"","background-repeat":"repeat","background-position":"center center","background-size":"auto","background-attachment":"scroll","background-type":"","background-media":"","overlay-type":"","overlay-color":"","overlay-opacity":"","overlay-gradient":""},"tablet":{"background-color":"var(--ast-global-color-4)","background-image":"","background-repeat":"repeat","background-position":"center center","background-size":"auto","background-attachment":"scroll","background-type":"","background-media":"","overlay-type":"","overlay-color":"","overlay-opacity":"","overlay-gradient":""},"mobile":{"background-color":"var(--ast-global-color-4)","background-image":"","background-repeat":"repeat","background-position":"center center","background-size":"auto","background-attachment":"scroll","background-type":"","background-media":"","overlay-type":"","overlay-color":"","overlay-opacity":"","overlay-gradient":""}},"footnotes":""},"class_list":["post-159","page","type-page","status-publish","hentry"],"yoast_head":"<!-- This site is optimized with the Yoast SEO plugin v27.4 - https:\/\/yoast.com\/product\/yoast-seo-wordpress\/ -->\n<title>Mentions l\u00e9gales - TP IEPE<\/title>\n<meta name=\"description\" content=\"Vous souahitez en savoir plus sur les mentions l\u00e9gales de tp-iepe.com ? D\u00e9couvrez-les ici !\" \/>\n<meta name=\"robots\" content=\"noindex, nofollow\" \/>\n<meta property=\"og:locale\" content=\"fr_FR\" \/>\n<meta property=\"og:type\" content=\"article\" \/>\n<meta property=\"og:title\" content=\"Mentions l\u00e9gales - TP IEPE\" \/>\n<meta property=\"og:description\" content=\"Vous souahitez en savoir plus sur les mentions l\u00e9gales de tp-iepe.com ? D\u00e9couvrez-les ici !\" \/>\n<meta property=\"og:url\" content=\"https:\/\/www.tp-iepe.com\/index.php\/mentions-legales\/\" \/>\n<meta property=\"og:site_name\" content=\"TP IEPE\" \/>\n<meta property=\"article:modified_time\" content=\"2026-04-12T11:48:39+00:00\" \/>\n<meta name=\"twitter:card\" content=\"summary_large_image\" \/>\n<meta name=\"twitter:label1\" content=\"Dur\u00e9e de lecture estim\u00e9e\" \/>\n\t<meta name=\"twitter:data1\" content=\"2 minutes\" \/>\n<script type=\"application\/ld+json\" class=\"yoast-schema-graph\">{\"@context\":\"https:\\\/\\\/schema.org\",\"@graph\":[{\"@type\":\"WebPage\",\"@id\":\"https:\\\/\\\/www.tp-iepe.com\\\/index.php\\\/mentions-legales\\\/\",\"url\":\"https:\\\/\\\/www.tp-iepe.com\\\/index.php\\\/mentions-legales\\\/\",\"name\":\"Mentions l\u00e9gales - TP IEPE\",\"isPartOf\":{\"@id\":\"https:\\\/\\\/www.tp-iepe.com\\\/#website\"},\"datePublished\":\"2026-04-02T10:28:54+00:00\",\"dateModified\":\"2026-04-12T11:48:39+00:00\",\"description\":\"Vous souahitez en savoir plus sur les mentions l\u00e9gales de tp-iepe.com ? D\u00e9couvrez-les ici !\",\"breadcrumb\":{\"@id\":\"https:\\\/\\\/www.tp-iepe.com\\\/index.php\\\/mentions-legales\\\/#breadcrumb\"},\"inLanguage\":\"fr-FR\",\"potentialAction\":[{\"@type\":\"ReadAction\",\"target\":[\"https:\\\/\\\/www.tp-iepe.com\\\/index.php\\\/mentions-legales\\\/\"]}]},{\"@type\":\"BreadcrumbList\",\"@id\":\"https:\\\/\\\/www.tp-iepe.com\\\/index.php\\\/mentions-legales\\\/#breadcrumb\",\"itemListElement\":[{\"@type\":\"ListItem\",\"position\":1,\"name\":\"Accueil\",\"item\":\"https:\\\/\\\/www.tp-iepe.com\\\/\"},{\"@type\":\"ListItem\",\"position\":2,\"name\":\"Mentions l\u00e9gales\"}]},{\"@type\":\"WebSite\",\"@id\":\"https:\\\/\\\/www.tp-iepe.com\\\/#website\",\"url\":\"https:\\\/\\\/www.tp-iepe.com\\\/\",\"name\":\"TP IEPE\",\"description\":\"\",\"publisher\":{\"@id\":\"https:\\\/\\\/www.tp-iepe.com\\\/#organization\"},\"potentialAction\":[{\"@type\":\"SearchAction\",\"target\":{\"@type\":\"EntryPoint\",\"urlTemplate\":\"https:\\\/\\\/www.tp-iepe.com\\\/?s={search_term_string}\"},\"query-input\":{\"@type\":\"PropertyValueSpecification\",\"valueRequired\":true,\"valueName\":\"search_term_string\"}}],\"inLanguage\":\"fr-FR\"},{\"@type\":\"Organization\",\"@id\":\"https:\\\/\\\/www.tp-iepe.com\\\/#organization\",\"name\":\"TP IEPE\",\"url\":\"https:\\\/\\\/www.tp-iepe.com\\\/\",\"logo\":{\"@type\":\"ImageObject\",\"inLanguage\":\"fr-FR\",\"@id\":\"https:\\\/\\\/www.tp-iepe.com\\\/#\\\/schema\\\/logo\\\/image\\\/\",\"url\":\"https:\\\/\\\/www.tp-iepe.com\\\/wp-content\\\/uploads\\\/2026\\\/04\\\/cropped-Logo-Tp-iepe.com_-scaled-1.webp\",\"contentUrl\":\"https:\\\/\\\/www.tp-iepe.com\\\/wp-content\\\/uploads\\\/2026\\\/04\\\/cropped-Logo-Tp-iepe.com_-scaled-1.webp\",\"width\":1809,\"height\":600,\"caption\":\"TP IEPE\"},\"image\":{\"@id\":\"https:\\\/\\\/www.tp-iepe.com\\\/#\\\/schema\\\/logo\\\/image\\\/\"}}]}<\/script>\n<!-- \/ Yoast SEO plugin. -->","yoast_head_json":{"title":"Mentions l\u00e9gales - TP IEPE","description":"Vous souahitez en savoir plus sur les mentions l\u00e9gales de tp-iepe.com ? D\u00e9couvrez-les ici !","robots":{"index":"noindex","follow":"nofollow"},"og_locale":"fr_FR","og_type":"article","og_title":"Mentions l\u00e9gales - TP IEPE","og_description":"Vous souahitez en savoir plus sur les mentions l\u00e9gales de tp-iepe.com ? D\u00e9couvrez-les ici !","og_url":"https:\/\/www.tp-iepe.com\/index.php\/mentions-legales\/","og_site_name":"TP IEPE","article_modified_time":"2026-04-12T11:48:39+00:00","twitter_card":"summary_large_image","twitter_misc":{"Dur\u00e9e de lecture estim\u00e9e":"2 minutes"},"schema":{"@context":"https:\/\/schema.org","@graph":[{"@type":"WebPage","@id":"https:\/\/www.tp-iepe.com\/index.php\/mentions-legales\/","url":"https:\/\/www.tp-iepe.com\/index.php\/mentions-legales\/","name":"Mentions l\u00e9gales - TP IEPE","isPartOf":{"@id":"https:\/\/www.tp-iepe.com\/#website"},"datePublished":"2026-04-02T10:28:54+00:00","dateModified":"2026-04-12T11:48:39+00:00","description":"Vous souahitez en savoir plus sur les mentions l\u00e9gales de tp-iepe.com ? D\u00e9couvrez-les ici !","breadcrumb":{"@id":"https:\/\/www.tp-iepe.com\/index.php\/mentions-legales\/#breadcrumb"},"inLanguage":"fr-FR","potentialAction":[{"@type":"ReadAction","target":["https:\/\/www.tp-iepe.com\/index.php\/mentions-legales\/"]}]},{"@type":"BreadcrumbList","@id":"https:\/\/www.tp-iepe.com\/index.php\/mentions-legales\/#breadcrumb","itemListElement":[{"@type":"ListItem","position":1,"name":"Accueil","item":"https:\/\/www.tp-iepe.com\/"},{"@type":"ListItem","position":2,"name":"Mentions l\u00e9gales"}]},{"@type":"WebSite","@id":"https:\/\/www.tp-iepe.com\/#website","url":"https:\/\/www.tp-iepe.com\/","name":"TP IEPE","description":"","publisher":{"@id":"https:\/\/www.tp-iepe.com\/#organization"},"potentialAction":[{"@type":"SearchAction","target":{"@type":"EntryPoint","urlTemplate":"https:\/\/www.tp-iepe.com\/?s={search_term_string}"},"query-input":{"@type":"PropertyValueSpecification","valueRequired":true,"valueName":"search_term_string"}}],"inLanguage":"fr-FR"},{"@type":"Organization","@id":"https:\/\/www.tp-iepe.com\/#organization","name":"TP IEPE","url":"https:\/\/www.tp-iepe.com\/","logo":{"@type":"ImageObject","inLanguage":"fr-FR","@id":"https:\/\/www.tp-iepe.com\/#\/schema\/logo\/image\/","url":"https:\/\/www.tp-iepe.com\/wp-content\/uploads\/2026\/04\/cropped-Logo-Tp-iepe.com_-scaled-1.webp","contentUrl":"https:\/\/www.tp-iepe.com\/wp-content\/uploads\/2026\/04\/cropped-Logo-Tp-iepe.com_-scaled-1.webp","width":1809,"height":600,"caption":"TP IEPE"},"image":{"@id":"https:\/\/www.tp-iepe.com\/#\/schema\/logo\/image\/"}}]}},"_links":{"self":[{"href":"https:\/\/www.tp-iepe.com\/index.php\/wp-json\/wp\/v2\/pages\/159","targetHints":{"allow":["GET"]}}],"collection":[{"href":"https:\/\/www.tp-iepe.com\/index.php\/wp-json\/wp\/v2\/pages"}],"about":[{"href":"https:\/\/www.tp-iepe.com\/index.php\/wp-json\/wp\/v2\/types\/page"}],"author":[{"embeddable":true,"href":"https:\/\/www.tp-iepe.com\/index.php\/wp-json\/wp\/v2\/users\/3"}],"replies":[{"embeddable":true,"href":"https:\/\/www.tp-iepe.com\/index.php\/wp-json\/wp\/v2\/comments?post=159"}],"version-history":[{"count":0,"href":"https:\/\/www.tp-iepe.com\/index.php\/wp-json\/wp\/v2\/pages\/159\/revisions"}],"wp:attachment":[{"href":"https:\/\/www.tp-iepe.com\/index.php\/wp-json\/wp\/v2\/media?parent=159"}],"curies":[{"name":"wp","href":"https:\/\/api.w.org\/{rel}","templated":true}]}}